5831635 a composite number?
True
Is 686860483 composite?
True
Is 50350257281 a prime number?
False
Is 5222646343 prime?
True
Is 142649722093 composite?
False
Is 225583009 composite?
True
Is 53959410757 composite?
True
Is 787939211 a prime number?
False
Is 20515258789 a composite number?
False
Is 40530157 a composite number?
False
Is 1530750031 a prime number?
True
Is 39593031073 composite?
False
Is 37535791 composite?
True
Is 16631023 a composite number?
True
Is 91821250031 prime?
False
Is 909290531 prime?
False
Is 10182655837 composite?
False
Is 42045175019 a prime number?
True
Is 19778832811 a composite number?
True
Is 1013588011 composite?
True
Is 68178895901 a composite number?
True
Is 4935106627 composite?
True
Is 501913133 composite?
False
Is 21016530467 a composite number?
False
Is 100779877 a prime number?
False
Is 2252992603 composite?
False
Is 9607879667 a prime number?
True
Is 36336029879 a composite number?
False
Is 2051079377 composite?
True
Is 6614984119 composite?
False
Is 6849155033 a composite number?
True
Is 7741808729 composite?
False
Is 13144815697 a prime number?
False
Is 131687029849 a prime number?
False
Is 348100289 a composite number?
False
Is 60695032817 a prime number?
False
Is 2912753573 prime?
True
Is 116506333 a composite number?
True
Is 900313471 a prime number?
True
Is 1348174981 a prime number?
False
Is 7828104923 a composite number?
False
Is 97094461729 a prime number?
True
Is 589034221 composite?
True
Is 906093647 composite?
True
Is 19934687189 composite?
False
Is 6678836321 a prime number?
True
Is 318501857 prime?
False
Is 383546492853 a prime number?
False
Is 439749809 composite?
True
Is 544777859 composite?
True
Is 2716898273 a prime number?
True
Is 283631356211 composite?
True
Is 196362337 composite?
True
Is 3420002569 a composite number?
False
Is 13114030859 a prime number?
False
Is 2925679909 prime?
True
Is 8791952063 a composite number?
True
Is 4013845159 a prime number?
False
Is 5466070301 prime?
False
Is 2132028341 a prime number?
True
Is 478597 a prime number?
False
Is 5689994621 a prime number?
True
Is 2739395297 prime?
False
Is 110924921 a prime number?
False
Is 841555229 a composite number?
False
Is 3692950643 composite?
False
Is 46010643617 composite?
False
Is 699799669 composite?
True
Is 206024752607 composite?
True
Is 5203016909 prime?
True
Is 1890361969 a prime number?
False
Is 15887759959 prime?
True
Is 18135889099 a composite number?
True
Is 177716153 a prime number?
False
Is 981012569 composite?
True
Is 1209863657 prime?
True
Is 23927837 a composite number?
True
Is 275971327 composite?
True
Is 1673543057 prime?
True
Is 2415037327 a composite number?
False
Is 34805192201 prime?
False
Is 11411338061 composite?
True
Is 6687245897 composite?
False
Is 96623627621 composite?
False
Is 1429031783 composite?
True
Is 3675679841 composite?
True
Is 18137276239 a composite number?
True
Is 5491126659 a composite number?
True
Is 1951398151 a composite number?
True
Is 798769187 composite?
False
Is 253865786611 composite?
False
Is 3819611597 prime?
True
Is 1598366147 prime?
False
Is 37493664353 prime?
False
Is 7831444771 a prime number?
True
Is 366676483 a prime number?
False
Is 20062709663 a composite number?
True
Is 154546746623 prime?
True
Is 1524213373 a prime number?
True
Is 4844473541 a prime number?
True
Is 7007668051 a composite number?
False
Is 5029810547 a prime number?
False
Is 17384580337 composite?
True
Is 1097175297 composite?
True
Is 41818530791 a prime number?
True
Is 257375161027 a composite number?
True
Is 33675791969 a prime number?
False
Is 3193251497 a prime number?
False
Is 5633375549 a composite number?
False
Is 3405355819 a composite number?
True
Is 13159358269 composite?
False
Is 18273993599 prime?
True
Is 2129485181 composite?
False
Is 27213449799 a composite number?
True
Is 189981041 prime?
True
Is 350112366557 composite?
False
Is 383254051 composite?
False
Is 66207459047 composite?
False
Is 10320431059 a prime number?
True
Is 97652651 composite?
True
Is 6454015873 a composite number?
False
Is 76118921071 prime?
True
Is 4054165453 composite?
True
Is 108788813927 prime?
True
Is 2379726289 prime?
True
Is 14208290951 composite?
True
Is 37740405139 composite?
True
Is 8865086803 prime?
True
Is 32069030509 a composite number?
True
Is 8845387381 prime?
True
Is 5448403199 composite?
False
Is 959280397 prime?
True
Is 5177079059 prime?
True
Is 10077766819 a prime number?
True
Is 10449610469 a composite number?
True
Is 108408490717 prime?
True
Is 7661098191 a prime number?
False
Is 8093173853 a prime number?
True
Is 10897531651 composite?
False
Is 81098366303 a prime number?
False
Is 39274348265 a composite number?
True
Is 11053143551 prime?
False
Is 3677782009 a prime number?
False
Is 1695484421 a composite number?
True
Is 8355279973 a prime number?
False
Is 3249279295 a composite number?
True
Is 259602041 a composite number?
False
Is 58726379945 prime?
False
Is 37724187161 a prime number?
False
Is 698739238 a prime number?
False
Is 22773216871 prime?
False
Is 79212958813 prime?
True
Is 165175181149 a composite number?
True
Is 228500677 composite?
False
Is 24873569879 composite?
False
Is 3665841293 a composite number?
True
Is 557461199 composite?
True
Is 2053340207 a prime number?
True
Is 3615528607 a prime number?
True
Is 144673237 a prime number?
False
Is 21545775281 prime?
True
Is 131877656431 a composite number?
False
Is 3414979697 composite?
False
Is 1074389431 a prime number?
True
Is 754990729 composite?
False
Is 7711981 a composite number?
False
Is 2727428419 a composite number?
True
Is 15872553289 prime?
True
Is 82712753 a composite number?
False
Is 7018659659 prime?
False
Is 483272963 composite?
False
Is 114883429 a prime number?
True
Is 3769249301 composite?
False
Is 153258946133 a composite number?
False
Is 46864812199 a prime number?
True
Is 37415990537 composite?
False
Is 14386833443 prime?
False
Is 4025671537 a prime number?
True
Is 30114495913 prime?
False
Is 3247627157 prime?
False
Is 85201215949 composite?
True
Is 4372544929 a composite number?
True
Is 395793989 a composite number?
False
Is 519768397 a composite number?
False
Is 79683469 prime?
False
Is 142150191961 a composite number?
True
Is 15342314543 a prime number?
True
Is 4234035347 a composite number?
True
Is 2113228121 composite?
False
Is 2654316209 prime?
True
Is 10003333279 a prime number?
False
Is 1211200337 a composite number?
False
Is 22609044763 composite?
True
Is 37872943 prime?
True
Is 57566166919 prime?
True
Is 3721990759 prime?
False
Is 14930025419 a composite number?
False
Is 11880268747 a prime number?
True
Is 9530674955 composite?
True
Is 4623504337 prime?
False
Is 27343269293 prime?
False
Is 299651873 a composite number?
False
Is 560568451 a composite number?
False
Is 22681768391 composite?
False
Is 2520530102 a composite number?
True
Is 38416946377 prime?
True
Is 1684491239 composite?
False
Is 808019293 a composite number?
True
Is 6956531437 prime?
False
Is 149178875999 composite?
False
Is 5920535561 composite?
False
Is 800436713 a composite number?
False
Is 493974311 prime?
True
Is 2243924279 a prime number?
True
Is 100258512833 prime?
True
Is 3009491101 composite?
True
Is 130920536161 a composite number?
False
Is 10274295583 a prime number?
True
Is 336144899 prime?
False
Is 2517223469 a composite number?
False
Is 102495958199 a prime number?
True
Is 37099424689 prime?
True
Is 1315451549 composite?
False
Is 38908514527 composite?
True
Is 7778941949 prime?
False
Is 75091515691 a composite number?
False
Is 1902129871 prime?
True
Is 32483123 composite?
False
Is 222750887 composite?
False
Is 11886711713 composite?
True
Is 2380190609 prime?
True
Is 2917146269 a composite number?
True
Is 3160552721 prime?
True
Is 6529746341 a composite number?
True
Is 2961613007 a composite number?
False
Is 12556095107 prime?
True
Is 5708006977 a composite number?
False
Is 38518238273 prime?
False
Is 73001575721 prime?
True
Is 1224572669 a prime number?
False
Is 33023519 composite?
True
Is 14584067731 a composite number?
False
Is 24029279887 prime?
True
Is 44128234147 prime?
True
Is 5249531509 prime?
True
Is 38194763 prime?
True
Is 34847450921 prime?
True
Is 4317178133 prime?
False
Is 64758419203 composite?
False
Is